r of 156 and o.
12
Let l(o) = o - 5. Suppose 0*k + 18 = 2*k. Let t be l(k). Calculate the greatest common factor of 10 and t.
2
Suppose -3*j = 2*j - 5. What is the greatest common factor of j and 10?
1
Suppose i - 5 = 0, 3*d = 5*i - 6 + 71. Let q(x) = -3*x**3 - 2*x**2 - 3*x - 3. Let o be q(-3). Let a = 6 + o. Calculate the highest common divisor of a and d.
15
Suppose r - 2*r = -21. Let d = 34 + 29. Calculate the highest common factor of d and r.
21
Let m(s) = -10 - 3*s + 2*s + 0*s + 3*s**2. Let k be m(-7). Suppose k = 5*z - 3*z. Calculate the highest common factor of 8 and z.
8
Let i(h) = -h**3 - 9*h**2 - 2*h - 3. Let a be i(-9). Let l be ((-24)/a)/((-4)/130). Calculate the highest common divisor of l and 130.
26
Let i be 76/18 + 6/(-27). Let a = 22 - 19. Suppose i*p - 41 = -a*x, 20 = -2*x - 3*p + 47. Calculate the highest common factor of x and 60.
15
Suppose -2*d = -5*j + 8*j - 43, 4*j - 84 = 4*d. Calculate the highest common divisor of j and 119.
17
Let s be 2/(-10) + 0 - 721/(-5). What is the greatest common divisor of s and 18?
18
Suppose -3*i = i. Let n be 1 - 1 - (i + -8). What is the highest common divisor of n and 1?
1
Let y = 11 - -9. Let b = -387 + 567. What is the greatest common divisor of y and b?
20
Let v = 4 + -7. Let k = v - -7. Suppose l - 1 = 1. Calculate the highest common factor of l and k.
2
Suppose 6*k - 481 = 23. What is the highest common divisor of k and 12?
12
Let y(f) = 0*f**3 - f**3 - 9*f**2 + 8*f**2 + 80 + f. Let g be y(0). Calculate the greatest common factor of 16 and g.
16
Let g = 24 - -6. Calculate the greatest common divisor of 15 and g.
15
Suppose 2*k + x - 7 = 1, -17 = -5*k - x. Suppose -20 = -5*w, -4*w - 46 = k*t - 2*w. Let p = -2 - t. What is the highest common factor of 176 and p?
16
Let z = 3 + 1. Suppose -6*f = z*a - 3*f + 24, 0 = 4*a - 3*f + 48. Let u = a - -30. What is the greatest common factor of u and 7?
7
Suppose 2*d + 2*d + 16 = 0. Let j be 17/(3 - (-10)/d). Calculate the greatest common divisor of 85 and j.
17
Let k(c) = c**2 + 6*c + 7. Let j be k(-5). Suppose -5*g - 5 = 0, 0 = -j*n - g - 4*g + 13. Let z = 5 + n. What is the highest common factor of z and 7?
7
Suppose 0*z = 4*z + 5*o + 7, -2*z = 3*o + 5. Calculate the highest common factor of z and 2.
2
Let s(o) = 2*o. Let q(x) = 24*x. Let w(y) = -2*q(y) + 22*s(y). Let m be w(-5). Calculate the greatest common factor of m and 8.
4
Let o be 5*(((-9)/(-5) - 2) + 1). Calculate the highest common factor of 16 and o.
4
Suppose -5*o + 840 = -o. Let d be 9/(-3)*o/(-9). Calculate the greatest common divisor of 28 and d.
14
Let n = 15 - 25. Suppose -4*y - 5 - 15 = 0. Let t be (-752)/n - (-1)/y. What is the greatest common factor of t and 15?
15
Suppose -5 + 2 = -r. Let b(c) = 5*c**2 + 2*c - 4. Let u be b(-2). Calculate the highest common factor of r and u.
3
Let l be 1/3 + 282/18. Suppose -2*o + 4*j + 276 = -0*j, 2*j + 10 = 0. Calculate the highest common factor of o and l.
16
Suppose -3*o + 2*i - 217 = -6*o, 20 = -5*i. Suppose r + 76 = 4*r - 2*h, 0 = 3*r - 3*h - o. Calculate the greatest common factor of 39 and r.
13
Let c(d) = -d - 1. Let g be c(-2). Let q be (-310)/(3*3/9). Let i be g/4 - q/8. Calculate the greatest common factor of 26 and i.
13
Suppose 704 = 16*i - 5*i. Suppose g + 2*h - 32 = -2*g, -4*g + 52 = 5*h. Calculate the highest common factor of g and i.
8
Let o(r) = r**3 - 2*r**2 + 3*r - 1. Let k be o(3). What is the highest common divisor of k and 17?
17
Let z = 149 - -5. Suppose 4*h = 242 + z. Suppose 3*a + 2*i = 25, -2*a = -7*a - 2*i + 43. What is the highest common factor of h and a?
9
Let i(k) = 5*k + k**2 + 0 - 4 - 14*k. Let u be i(-7). Let y be 5*1*60/25. Calculate the greatest common divisor of y and u.
12
Suppose 14 = 2*i - 46. What is the highest common divisor of i and 210?
30
Suppose w + 3*w - 8 = 0. Suppose l - w*c = 80, -6*l + c = -l - 445. Calculate the highest common divisor of 36 and l.
18
Let p be -3*3/((-18)/38). Suppose -5*h + 4 = p. Let v be h*(1 - 10/6). Calculate the highest common factor of v and 4.
2
Let q = 10 - 12. Let y be -2*(-1)/q*-21. What is the greatest common factor of y and 42?
21
Let a(b) = b**3 - 4*b**2 - 3*b + 11. Let s be a(5). Calculate the greatest common factor of 3 and s.
3
Let x(d) = 2*d + 2. Let m be x(-3). Let s be 6*-1*m/2. Let g = s + -6. What is the greatest common factor of g and 30?
6
Suppose 2*t + 7 - 11 = 0. Let y(c) = -2 + 5*c**2 - 3*c + 12*c**2 + 5*c. Let w be y(t). What is the highest common factor of w and 10?
10
Suppose 5*g - 83 - 17 = 0. Calculate the greatest common divisor of g and 10.
10
Let v be ((-2)/10*-27)/(189/630). Let n be 5/((-5)/(-18)) + 0. Calculate the highest common factor of v and n.
18
Suppose 3*p + 5*d + 12 = 3*d, 3*p - 6 = 4*d. Let r be 16 - -1*1*p. Calculate the highest common divisor of r and 21.
7
Let v = -36 - -49. What is the highest common factor of 91 and v?
13
Let h = 233 - 100. What is the highest common factor of h and 7?
7
Let a be (1 + -1)*(-3)/(-6). Suppose 4*r = -a*r + 60. Calculate the highest common factor of r and 135.
15
Let l = 159 - 111. Calculate the greatest common divisor of 6 and l.
6
Suppose 3*v = 7*v - 24. Let b = 2 - 2. Let a = v - b. Calculate the highest common divisor of a and 2.
2
Let c(n) = -2*n + 6. Let w be c(6). Let o be w/(-4)*(184 + 0). Suppose 4*y + 36 = o. What is the greatest common factor of y and 12?
12
Suppose 0*s + 3*s + f = 504, 2*f - 163 = -s. What is the highest common factor of s and 13?
13
Suppose 3*u - 5*w = 17, -u + 0 + 3 = -w. Let t be -2 - u*23 - -1. Let j = t - 11. What is the greatest common factor of 1 and j?
1
Suppose 0 = 5*u - 5*c + 31 + 9, 3*c = 6. Let s(l) = -l**3 - 5*l**2 + 4*l + 6. Let h be s(u). Calculate the highest common factor of 3 and h.
3
Let z be ((-336)/20)/((-4)/10). What is the greatest common factor of z and 294?
42
Let x(n) = n**2 + 4*n - 5. Let i be x(-6). What is the greatest common divisor of 63 and i?
7
Let o = 8 + -14. Let m = 13 + o. Let k(p) = 8*p**3 + p**2 + 2. Let s be k(2). What is the greatest common factor of s and m?
7
Let g = 235 - 105. Calculate the highest common divisor of g and 26.
26
Suppose 0 = 4*x + 2*x - 360. What is the greatest common divisor of x and 24?
12
Let y(k) = -k**3 - k**2 + 2*k - 1. Let h be y(-5). Let l = h + -37. What is the highest common factor of l and 130?
26
Suppose -45 = -3*u + 5*k, -k - 2*k + 15 = u. What is the greatest common divisor of u and 3?
3
Let d be (-2)/7*(-14 + 0). Calculate the highest common factor of 1 and d.
1
Suppose -4*o + 96 = -5*t + 25, -t = 4*o - 53. Suppose 6*i - 163 = 257. What is the highest common factor of o and i?
14
Let k(s) = 2*s + 1. Let a be k(4). Let l = -51 + 52. What is the greatest common divisor of a and l?
1
Let k = -58 - -127. Let n = k + 33. What is the greatest common divisor of n and 68?
34
Let j be (-58)/3 + 4/(-6). Let y = j - -29. Let c = 9 + y. What is the highest common factor of 6 and c?
6
Suppose -2*t = -3 - 7. Suppose t*f - f = 76. Let i be (2 + f/(-2))*-2. Calculate the greatest common factor of 10 and i.
5
Let w(y) = y**3 + 3*y**2 - 5*y + 3. Let m be w(-4). Calculate the highest common factor of m and 35.
7
Let p(t) = 3*t + 24. Let i be p(-6). What is the highest common factor of 54 and i?
6
Let d = -14 + 16. Suppose -3*m - 3*l = -m, 4*m = d*l + 32. What is the highest common factor of 48 and m?
6
Suppose -65 = -5*g - 2*l, 5*g - 4*l - 4 = 61. Calculate the highest common divisor of g and 143.
13
Let v = 98 - 28. Let g be ((-12)/(-30))/(2/v). Let l(c) = -c**3 + c + 1. Let p be l(-2). Calculate the highest common factor of p and g.
7
Let t = 2 - 2. Let q be 3*(2 + t) + 0. Let y(u) = 19*u**2 - 2*u + 1. Let p be y(1). Calculate the greatest common divisor of p and q.
6
Let s be -1 + 1/(2/6). Suppose -s*f = k + 3 - 29, -5*k + 85 = f. Let l be (-16)/6*(-9)/6. Calculate the highest common factor of k and l.
4
Let d = 9 - 6. Let c(h) = d*h + 3*h - 1 + h**2 + 0. Let x be c(-7). Calculate the highest common divisor of x and 9.
3
Let n = 0 + 2. Let o be -1 - (-21 - -1)/n. What is the greatest common divisor of o and 81?
9
Let u(c) = -3*c - 11. Let b be u(0). Let t(q) = q + 25. Let z be t(b). What is the highest common factor of 35 and z?
7
Suppose -r + 2 = -4. What is the highest common divisor of r and 